ime factors of v.
2
Suppose 3*y = 2*k + 60, 2*k = -3 + 9. List the prime factors of y.
2, 11
Let x = 9 - -1. What are the prime factors of x?
2, 5
Let g = -1 - 0. Let d = g + 3. List the prime factors of d.
2
Let k be 205/(-15)*(-4 + 1). Suppose 5*p + k = r - 0*p, -p - 3 = 0. What are the prime factors of r?
2, 13
Let o = -14 - -33. Let c = o + -14. List the prime factors of c.
5
Let r(i) = 4*i - 3*i + 12 - i + i. Let p be (-2)/9 - (-2)/9. List the prime factors of r(p).
2, 3
What are the prime factors of (5 - -284 - -1) + (-1 - 2)?
7, 41
Suppose 0 = b - 20 - 8. Let k = b + -5. List the prime factors of k.
23
Let q be (-3)/(-9) + 17/3. Let h be 60/27 + (8/18)/(-2). Suppose y + h*v - q = 0, -41 = -3*y - v - 8. List the prime factors of y.
2, 3
Suppose 4*s = -3*z + 449, -9*s + z = -4*s - 547. What are the prime factors of s?
2, 5, 11
Suppose -4*w + 0*w = 12. List the prime factors of 8/(-12) + (-17)/w.
5
What are the prime factors of 188*((-17)/(-4) + -4)?
47
Suppose 20 = 2*o - 10. What are the prime factors of 5/o*(-12)/(-1)?
2
Let n(w) = -w - 7. Let h be n(-6). List the prime factors of 1 + h + (-52)/(-2).
2, 13
Let s be ((-8)/(-6))/((-6)/(-9)). What are the prime factors of ((-814)/33)/(s/(-3))?
37
Let d(r) = -r**3 + 5*r**2 + 9*r - 2. Let h be (54/(-30))/(6/(-20)). List the prime factors of d(h).
2
Suppose -129 = -3*y - 3*p, -2*y = -p - 2*p - 81. What are the prime factors of 1/((-81)/y + 2)?
2, 7
Let p = 54 - 75. Let k = 13 + p. Let u = -1 - k. What are the prime factors of u?
7
Suppose -4*s - s = -5. Let x = 6 - s. Suppose 0*j = -x*j + 55. List the prime factors of j.
11
Let q(o) = o**3 + 7*o**2 + 1. Let d be 1/((-3)/21 - 0). Let t be q(d). List the prime factors of ((-1)/1)/t + 13.
2, 3
Let x = 399 - 200. What are the prime factors of x?
199
Let b = 20 + -15. List the prime factors of b.
5
Let a be (1 + -5)*(10 + -4). Let f = 54 + a. List the prime factors of f.
2, 3, 5
Suppose -3*h = -6*h + 2*l + 82, -l = 2. List the prime factors of h.
2, 13
Suppose -1 + 3 = -3*a + 5*w, 4 = w. List the prime factors of 4/(-6) + 94/a.
3, 5
Let u(r) = r**2 + 9*r + 8. Let o be u(-7). Let w(n) be the third derivative of -n**4/24 + 7*n**3/6 - 2*n**2. What are the prime factors of w(o)?
13
Let s be 8/(-28) + (-40)/7. Let i be (-8)/s*(-6)/(-4). Suppose -i*k = -5*p + 2*p - 12, 0 = 5*k + 4*p - 7. List the prime factors of k.
3
Let z = 16 + -8. Let w = z + -6. Suppose 0 = -w*t - 8 + 20. List the prime factors of t.
2, 3
Suppose 2*j - 7 - 43 = 3*h, 4*h - 14 = -j. What are the prime factors of j?
2, 11
Suppose -4*f + 129 = 3*n, 5*n - 3*f + 2*f - 215 = 0. List the prime factors of n.
43
Suppose -7*i = -8*i + 116. What are the prime factors of i?
2, 29
Let i = 27 - 19. Let y = i - -13. List the prime factors of y.
3, 7
Suppose 3*q = z + 11, 3*q - 21 = z + 2*z. Suppose -q*u = 4*g - 38, -g + 3*g - 79 = -5*u. What are the prime factors of u?
3, 5
Let m(z) = -15*z - 2. Suppose -b + 2 = -2*b. What are the prime factors of m(b)?
2, 7
Suppose -2*o + o + j = -8, -o - 1 = -4*j. What are the prime factors of o?
11
Suppose -r - r = 80. Let c be 9/(-2)*r/15. List the prime factors of -2 + 1*(c - -2).
2, 3
Suppose 0 = 5*k - 10 + 40. Let a be (-3 + 12)/((-2)/(-2)). Let w = a + k. What are the prime factors of w?
3
Let r = -4 + 8. Suppose -n - 1 = -r. List the prime factors of n.
3
Suppose -s + 3*w - 9 = -4*s, -3*w = 0. Suppose -4*z + 173 - 28 = -s*a, 3*a + 182 = 5*z. List the prime factors of z.
37
Let j = -9 - -12. Suppose j*l + 26 = m, l - 32 = -2*m + 3*l. What are the prime factors of m?
11
Let c(p) = -p**3 + 6*p**2 + 13*p - 1. What are the prime factors of c(7)?
41
What are the prime factors of 6/(1/((-19)/(-2)))?
3, 19
Let j(p) = 3 + p - 4*p - 2. Let k be j(-1). Suppose -14 = -k*d - 2. What are the prime factors of d?
3
Let x(v) = -64*v - 1. What are the prime factors of x(-2)?
127
Let k = -10 - -15. Suppose -k*l = -39 - 76. What are the prime factors of l?
23
Suppose 12 = 2*m + 2*m. Suppose 4*i + 0*i - 85 = m*u, -15 = -i + 2*u. List the prime factors of i.
5
Suppose 4*f - 3*f = 0. Suppose f = -5*y + 105 + 85. What are the prime factors of y?
2, 19
Suppose -x = 3*x + 16. Let g be 106/(-8) + x/(-16). Let d = g + 23. What are the prime factors of d?
2, 5
Let s(l) = 11*l - 5. List the prime factors of s(3).
2, 7
Suppose 5*b - 9 = -5*i + 1, -4*b = 2*i + 2. Suppose i*f - 3*o = 52, -3*o + 41 = 5*f + 13. What are the prime factors of f?
2
Let w(x) = x**2 + 4*x + 2. Let a be w(-4). Suppose a*z - 64 = -2*z. List the prime factors of z.
2
Suppose s = -s - 10. Let y(j) = -j**3 - 4*j**2 + 3*j - 5. Let x be y(s). Suppose -3*f + 28 = f + 4*u, u - 27 = -x*f. List the prime factors of f.
5
Let z(g) = -g**2 + 11*g - 6. Let r be z(10). Let p be (8/(-10))/(r/(-10)). Suppose -6 = p*k - 30. What are the prime factors of k?
2, 3
Let f(l) = l**2 - l + 11. Let h be f(10). Suppose -h = -4*c + m, -m + 2 = -3*m. What are the prime factors of c?
5
Let r = -30 + 19. Suppose -o = 1 + 2. Let x = o - r. What are the prime factors of x?
2
Suppose -2*c + 348 = 2*c. What are the prime factors of c?
3, 29
Let j be (-4)/(3/102*-4). Suppose -5*h + j - 14 = 0. Suppose h + 45 = 4*k + q, 0 = 5*q - 25. What are the prime factors of k?
11
Let h = 8 + 2. Let x be (-4)/8 - h/(-4). Suppose -2*v = -x*n - 12, 5*n - 16 - 9 = 0. List the prime factors of v.
11
Let o be 1/1*(1 + -1). Suppose -5*y + 5 - 20 = o. List the prime factors of y/(9/6) + 6.
2
Suppose 71 = 6*s - 349. What are the prime factors of s?
2, 5, 7
Suppose p - 50 = -0. What are the prime factors of p?
2, 5
Let m(i) = -15*i + 4. Let j be m(6). Let f = 124 + j. What are the prime factors of f?
2, 19
Let z be 1*(-2 + 3)*-1. List the prime factors of (z - 0)/1 + 6.
5
Suppose 0 = -3*w - 2*a + 11, -2*w - 25 = -5*w + 5*a. Suppose w*f + 2*d - 76 = 34, 22 = f + 5*d. What are the prime factors of f?
2, 11
Let j(v) = -v**3 + 4*v**2 + 4*v - 9. List the prime factors of j(3).
2, 3
Let v(s) = s**3 + 6*s**2 + 1. Let r be v(-6). List the prime factors of 10 - (-2 - (r + 0)).
13
Let d(h) = h + 12. Let x be d(-9). Suppose 12 + 42 = x*n. List the prime factors of n.
2, 3
Suppose -4*y - 10 - 4 = -2*u, 2*u - 20 = 2*y. What are the prime factors of u?
13
Let r(p) be the third derivative of p**5/60 + p**4/4 - p**3/6 - 4*p**2. Let w be r(-3). Let n(o) = -o**2 - 11*o + 7. What are the prime factors of n(w)?
17
What are the prime factors of ((-58)/6)/(6/(-36))?
2, 29
Suppose 4 = 3*k + 1. Suppose -27 = -3*s - 4*w, -2*w = -2*s + 5 - k. Suppose -5*g + 55 = 5*z, s*z - 5*g + 6 = 41. What are the prime factors of z?
3
List the prime factors of (-62)/(-1) - (-8)/(-2).
2, 29
Suppose 5*z = z - 8. Let k = 2 + z. Suppose k*h + 11 = h. What are the prime factors of h?
11
Suppose 5*h = k - 15, 15 = -3*h - 2*h. Suppose k = j - 5*r + 8, -12 = -3*j + 3*r - 0*r. What are the prime factors of j?
7
Suppose -4*s = -2*s - 10. Suppose -20 = -5*r + s. What are the prime factors of r?
5
Let p(g) = -5 - 6 + 6*g + 1 + 11. What are the prime factors of p(2)?
13
Let b(r) be the first derivative of r**4/24 + r**3 + r**2 + 3. Let w(s) be the second derivative of b(s). List the prime factors of w(6).
2, 3
Let f(m) = -m**2 - 2*m + 2. Let i be f(-4). Let z = -3 - i. Suppose 2*b - 25 - z = 0. List the prime factors of b.
2, 7
Let b = -3 - -1. Let l be (-1)/((b/8)/1). Suppose -45 = -w - l*w. List the prime factors of w.
3
Let d = 26 + 40. What are the prime factors of d?
2, 3, 11
Suppose 0 = -5*m - 73 + 223. Let d = m + -12. What are the prime factors of d?
2, 3
Suppose z = -3*n + 87, n + 3 - 40 = -3*z. What are the prime factors of n?
2, 7
Suppose 5*y = 2*y + 12. Suppose 3*x - 70 = x. Suppose 3*m - y*l - 5 = 11, 5*l = 5*m - x. What are the prime factors of m?
2, 3
Let r = 110 + -87. What are the prime factors of r?
23
Suppose 7*p = 13*p - 474. What are the prime factors of p?
79
Suppose m + 5 = 0, 2*v - 4*m = 4*v + 16. Suppose v*w - 1 = -25. Let o = w + 21. List the prime factors of o.
3
Let q(i) = 0*i + i**3 + i + 10 + 4. What are the prime factors of q(0)?
2, 7
Let k = -9 + 5. Let n be 2/k*(-64)/4. Let q = n - 4. List the prime factors of q.
2
Let y(w) be the second derivative of 4*w + 13/2*w**2 + 0 - 1/6*w**3. What are the prime factors of y(10)?
3
Suppose 0 = 4*r - 141 - 203. What are the prime factors of r?
2,